 -r**3 - 5*r**2 + 5*r - 5. Let f be y(5). Let s be (1 - 54)/(3 + 64/(-22)). Let l = f - s. Is l a composite number?
False
Let f = -43 + 35. Is (-7 - f)/((-1)/(-109)) prime?
True
Let b(w) = -3800*w - 33. Is b(-8) a composite number?
False
Suppose -11*a + 13*a - 518 = 0. Is a composite?
True
Let o be (10*12/3)/2. Suppose 0 = -5*p - o, -4*m + 2*p + 1574 = -2102. Is m a composite number?
True
Is 3*(-1)/6*-61822 composite?
False
Let w be ((-4)/(-10))/(6/(-150)). Let t be 5/(w/(-6)) - 3. Is (t - 3/3) + 68 prime?
True
Let w = 61773 + -41218. Is w composite?
True
Suppose 0 = 2*i + 8*u - 11*u - 181, u = -5*i + 410. Is i a prime number?
True
Let c be (20/4)/(1/1). Suppose 4*b - 2534 = -b + 3*x, 0 = -c*b - 4*x + 2548. Suppose z - b = -z. Is z prime?
False
Let k(p) be the second derivative of p**5/4 - p**4/12 + p**3/3 - 3*p**2/2 - p. Let b(z) be the first derivative of k(z). Is b(-3) a prime number?
False
Let t(x) = 494*x + 5. Let i be t(7). Suppose 4*k - i = -435. Is k composite?
False
Is 2/((-432015)/(-61715) - 7) prime?
True
Suppose -3*x + 119 = -115. Suppose -5*t - x - 474 = -4*g, 0 = t - 4. Is g prime?
False
Let r(z) = 4 + 1 - 11*z - 1 - 1. Suppose 0 = 7*h + 12 + 44. Is r(h) composite?
True
Let t(u) = 45*u. Let l be t(2). Is l/21 - (-6)/(-21) prime?
False
Is (-21152)/(-4) - 1 - 4 - 4 composite?
False
Let x = -1227 + 1814. Is x prime?
True
Let m(o) = 5*o**3 - 71*o**2 + 20*o + 1. Let x(l) = l**3 - 14*l**2 + 4*l. Let c be (-2 - -3)*(-14 + 3). Let v(p) = c*x(p) + 2*m(p). Is v(11) a composite number?
False
Let c = 636 - 583. Let o be (-262)/(-2*1) - -1. Let m = o - c. Is m composite?
False
Suppose -5*m + 9840 = 3*m. Let t = m - 643. Is t a composite number?
False
Let n(v) = -43*v**2 - 1 + 54*v**2 + 88*v**2 + 83*v**2. Is n(-1) composite?
False
Let m(y) = -7*y - 45. Let x be m(-16). Suppose z - 67 = -5*a, 0*a - 2*a = -z + x. Is z composite?
False
Let y = 26 - 29. Is y/24 - (-3570)/16 a prime number?
True
Is ((-24)/16)/(3/(-1114)) composite?
False
Suppose -12685 - 96026 = -9*u. Is u a prime number?
False
Suppose 5*x = -15, x + 3507 = 4*r - r. Suppose 0 = 2*o - r + 86. Is o a prime number?
True
Suppose -13*x = 10*x - 1174058. Is x a prime number?
False
Let a be 0 - (-29080)/28 - (-3)/7. Is a*(-1)/(-3)*(-81)/(-27) a composite number?
False
Suppose 0*k - 5*k = 2*v + 677, 1360 = -4*v - 4*k. Let q = v - 85. Is (10/15)/((-4)/q) a composite number?
False
Let l be (-3072)/(-21) + 6/(-21). Let x = 4 + l. Suppose 0 = -2*f - 4*d + x, 2*f - 130 = 2*d - d. Is f composite?
False
Suppose 2*y + 2305 = 7*y. Let z = y + 60. Is z composite?
False
Let z(s) = 3*s**2 - s - 33. Is z(-12) composite?
True
Let k(i) = 4*i**3 - 9*i**2 + 4*i. Let x be k(5). Suppose 367 = f - x. Is f a prime number?
False
Let x = -1 + 6. Suppose -x*b + 406 = -1684. Suppose 0 = 2*w - 2*g - b + 164, -3*g = 0. Is w composite?
False
Is (2/(-6))/(18/(-17118)) a composite number?
False
Let u be 23808/30 - 7/(35/(-2)). Let l = u + -415. Is l prime?
True
Suppose -3*f + 18 = 4*r, -3*f - 3 = -3*r - 0. Let o = 32 - 17. Suppose f*w = w + o. Is w prime?
False
Suppose -24*j + 9444 = -12*j. Is j a prime number?
True
Suppose -3*q - 2*l - 23 = 0, 0*l = 2*l - 4. Is q/(-6)*(-4520)/(-12) a prime number?
False
Let n(s) = 26*s - 4. Suppose 0 = -4*i + 8*i + 4*j - 4, -4*j = 3*i - 4. Suppose -3*v + b - 4*b + 21 = i, 3*b = -v + 15. Is n(v) composite?
True
Let i = 0 + 12. Let l(g) = 26*g + 7. Is l(i) a prime number?
False
Let s = 20 + -18. Suppose 8*l - 4*l + 6 = 2*t, 4*t + s*l = 22. Suppose 4*d = -x - x + 514, 0 = t*d - 3*x - 626. Is d a composite number?
False
Suppose -5*i = -3*u + 23431, u - 5*i + 4492 = 12309. Is u a composite number?
True
Let l = 7 - -10. Let d be 2/(-1) - (-17 + l). Is 2/(-5*d/1175) a prime number?
False
Let y(t) be the first derivative of 19*t**2 + 43*t + 9. Is y(13) prime?
False
Let y(p) be the first derivative of -16*p**4 - p**3/3 + p**2/2 - 2*p - 2. Let s be y(-3). Suppose 5*j + 459 = s. Is j prime?
True
Suppose -j + 11094 = 2*j - 3*b, 5*j = 3*b + 18488. Is j a prime number?
True
Let y(r) = 12*r**3 + r**2 - 3*r + 2. Let v be y(1). Let g be (-1)/((3/v)/(-1)). Suppose -5*c + 2745 = g*k, -5*c + 0*k + 2*k + 2775 = 0. Is c prime?
False
Suppose 0 = -28*n - 11195 + 93487. Is n composite?
False
Let v be 16/(-1 + 5) - 4. Let u be 216 + -7 + (1 - 2). Suppose v = f + f - n - 451, -3*n + u = f. Is f prime?
True
Let s(i) = 55*i - 46. Is s(9) prime?
True
Suppose 21*s + 74944 = 4*u + 19*s, s - 74950 = -4*u. Is u prime?
False
Let s(z) = 4*z**2. Let h be s(-1). Suppose h*l = 3*l + 373. Is l a composite number?
False
Let u(l) = -67*l + 14 + 165*l + 95*l. Is u(5) prime?
False
Let x(s) = s**3 + s**2 + 4*s + 10. Let m be x(6). Let j = -203 + m. Is j a composite number?
False
Let m(q) = -31*q - 44. Let j be (3/(-3))/(85/(-30) - -3). Is m(j) composite?
True
Suppose 4 = 2*c + 3*g, 3*c - 3 - 3 = -3*g. Suppose 3*k = 4*l - 1178, -c*l - 3*k = -6*k - 592. Is l a composite number?
False
Let s = -25525 + 45576. Is s prime?
True
Let r be ((-12)/(-14))/((-15)/(-70)). Let o(v) = -v**3 + 16*v**2 + 14*v - 8. Let i be o(16). Suppose -r*y = -292 - i. Is y a composite number?
False
Let k(i) = i**2 - 100*i + 187. Is k(-62) prime?
False
Let m(z) = -3 + 10 + 0 + 8*z. Let s be (-2)/(-19) - -37*14/133. Is m(s) prime?
False
Suppose 5535 = -3*l + 1794. Let r = l - -3426. Is r composite?
False
Let q(x) = 9*x + 1020 + 4*x**2 - 1025 + 9*x**2. Let f = 1 + -10. Is q(f) prime?
True
Suppose -5*x = -0*x - 25. Suppose -5*q + 1155 = -x*r, 478 = -5*q + r + 1645. Let t = -23 + q. Is t a prime number?
True
Let j(r) = 5*r**3 - r**2 - 34*r + 11. Is j(21) a prime number?
True
Suppose b = -367 - 172. Let p = -42 - b. Is p a composite number?
True
Suppose -6*w + 5*w = -4. Suppose -15 = r - w*r. Is 2/r + (-8265)/(-25) a composite number?
False
Let j be (-25)/(-10) + 351/2. Suppose 5*w = -i + 415 + j, 5*w - 1739 = -3*i. Is i a prime number?
False
Suppose -5*c + 74141 = 4*b, -7*b + 3*b + 2*c = -74106. Is b a prime number?
False
Let i be (-652)/(-6) + 0 - (-6)/(-9). Is 2/9 + 3*77932/i composite?
True
Let p(m) = 7 - 12*m**2 + 31*m**2 - m + 0. Suppose -5*o = -4*o - 4. Is p(o) prime?
True
Suppose 0 = 2*m + k - 1, k - 4*k = 5*m. Suppose 0 = -2*i - a + 2*a + 2, 2 = m*i - 2*a. Suppose i*g + 98 = 2*f - g, 140 = 3*f - g. Is f composite?
True
Is ((-232)/(-20))/((-8)/(-40)) a prime number?
False
Let f(m) = 6426*m + 317. Is f(18) prime?
False
Suppose 3*h - 8 = 5*h. Let w(f) = 2*f**2 - 4*f + 4. Let p be w(h). Suppose -d - p = -3*d. Is d composite?
True
Let l(c) = -695*c + 31. Is l(-6) a composite number?
False
Let l = -40 + 54. Let x(s) = 7*s + 33. Is x(l) a prime number?
True
Let i = 580 + 3363. Is i a prime number?
True
Let d = 5533 - 3949. Let m = 263 + d. Is m a prime number?
True
Suppose -2*g + 2*n + 8 = 0, -2*n + 9 = g + 2. Let s(h) = h - 30. Let r(y) = 2*y - 31. Let p(j) = g*r(j) - 6*s(j). Is p(18) composite?
False
Let g(p) = -391*p - 5. Let y be g(-5). Let i be ((-12)/(-18))/(4/(-6522)). Let u = y + i. Is u a composite number?
False
Let u be 148/28 + (-4)/14. Suppose 9 = 4*b + u. Is 138 + 12/(5 - b) a prime number?
False
Let v(n) = -2*n - 4754. Let c be v(0). Let r = c + 8689. Is r a prime number?
False
Let f(z) = 158*z + 143. Is f(42) a prime number?
True
Let o(r) = -14*r**2 + r + 1. Let x be o(-4). Let b = 1195 + x. Suppose 3*i - 3131 = -b. Is i composite?
True
Let h(q) = q**3 + 9*q**2 - q + 37. Is h(20) prime?
True
Let n = -46 - -48. Is (397/4)/(n*2/16) composite?
False
Let p be (0 - 1)/((-2)/22). Let x(h) = -42*h + 2*h**2 + 14*h - 13 + 13*h + 9*h. Is x(p) prime?
True
Let k be -48 - 0/((-1 + -2)/(-3)). Suppose -d + 445 = u, 3*u + 2*u - 4*d = 2225. Let a = u + k. Is a a composite number?
False
Let b be -1 - (144/2)/(-4). Suppose -5*f = -b - 1893. Is f composite?
True
Suppose -19*a + 3788 + 2178 = 0. Is a a composite number?
True
Suppose 3*l + 2*j = 3*j + 271, -362 = -4*l + j. Let k = 422 - l. Is k a prime number?
True
Let v(y) = 95*y + 847. Is v(50) composite?
True
Suppose -2 = -g - 4. Let r(i) = 148*i**2 + 4*i + 3. Is r(g) a composite number?
False
Let a(x) = 6*x**2 + 6. Let i be a(-4). Let c be i/(-27) - (-2)/(-9). Is (0 + 161/(-4))*c composite?
True
Is 13/5 - 2 - 32044/(-10) a composite number?
True
Let c(x) = 3*x**2 - 14*x - 6. Let s(d) = -d**3 - 11*d**2 - 4*d - 8